 by n?
8
What is the remainder when (-184)/(-32)*4/1 is divided by 5?
3
Suppose -10*m = -12*m + 282. Suppose -2*o = -5*o + m. Calculate the remainder when o is divided by 2*(-2)/(-4) + 23.
23
Let o = 15 + -10. Let k = o - -18. What is the remainder when k is divided by 6?
5
Let n = 15 - 1. Let z(f) = f**3 - 9*f**2 + 7*f - 8. Calculate the remainder when z(9) is divided by n.
13
Let t be 4/(-16)*16/(-2). Suppose -t*n = n - 27. What is the remainder when n is divided by 6?
3
Suppose 3*i - o = i + 243, -3*i = -4*o - 352. Let c = -54 - -108. Suppose 2*j = -5*h + i, 2*h + 0*j - c = -3*j. Calculate the remainder when h is divided by 13.
11
Let b = 4 + 15. Let o = 9 - 2. Calculate the remainder when b is divided by o.
5
Let h = 14 - 8. Suppose -3*z + 114 = 30. Let q = 44 - z. Calculate the remainder when q is divided by h.
4
Let q = 300 - 22. What is the remainder when q is divided by 40?
38
Let s = -47 + -6. Let o = -22 - s. Suppose -3*a - 2*y = -4*y - o, -4*a = -4*y - 36. Calculate the remainder when 25 is divided by a.
12
Suppose -4*f = 3*o - 35, -2*o - 4*f + 9 = -17. Calculate the remainder when 43 is divided by o.
7
Suppose -u + 7 - 2 = 0. What is the remainder when 17 is divided by u?
2
Suppose h - 2*h - 116 = -5*y, 0 = -5*y - 4*h + 111. Calculate the remainder when (8/12)/((-2)/(-267)) is divided by y.
20
Let x = 1 - -4. Suppose h = -x*r - 13, 10 - 4 = -2*r. Suppose -3 = z - 4*z. What is the remainder when h is divided by z?
0
Let a(t) = -t**2 + 20*t - 26. What is the remainder when a(18) is divided by 7?
3
Let y(w) = w**3 + 4*w**2 - w + 4. What is the remainder when 22 is divided by y(-4)?
6
Let a = -53 - -67. Calculate the remainder when 39 is divided by a.
11
Let x = 6 + -3. Suppose 4*h - x*a = 3*h + 39, -5*a - 25 = 0. What is the remainder when 46 is divided by h?
22
Let p(m) = -m**3 - 12*m**2 + 2. Let x be p(-12). Suppose 12 = 3*t, -2*a + x*t - 6*t + 44 = 0. Calculate the remainder when a is divided by 4.
2
Let l(h) = 2*h**2 - 3*h - 3. Let w be l(-2). Suppose 0 = 3*z - 2*p - 17, -p + w = -5*z + 30. Let n = 4 + -1. Calculate the remainder when n is divided by z.
0
Let y(m) = m**3 + 5*m**2 - 15*m + 10. What is the remainder when 98 is divided by y(-7)?
13
Suppose -2*h + h = -8. Let a(k) = -4*k. Let u be a(-2). Suppose -3*v - 115 = -u*v. What is the remainder when v is divided by h?
7
Suppose 0 = -q - q + 338. Suppose -q + 35 = -2*u. Let k(n) = n**3 - 3*n**2 + 6*n - 17. Calculate the remainder when u is divided by k(4).
21
Let o(j) = j + 2. Calculate the remainder when 78 is divided by o(18).
18
Let j(a) = -a**3 + 2*a**2 + 5*a + 4. What is the remainder when j(-2) is divided by 3?
1
Let b be -4 + 5 + (2 - 1). Let k(c) = -1 - b*c - c**2 + 0*c + 2 - c**3 + 0*c**2. What is the remainder when 25 is divided by k(-2)?
7
Let h = 8 + 29. Suppose 0*w - 40 = 2*w. Let v = w + h. Calculate the remainder when v is divided by 6.
5
Suppose -21*c = -19*c - 26. What is the remainder when c is divided by 5?
3
Let r(n) = -n**3 + 6*n**2 - 8*n + 2. Calculate the remainder when 2 is divided by r(4).
0
Let j be (1/3 - 1)*6. Let b(a) = a**2 + 3*a + 2. What is the remainder when 1/(-4) + (-9)/j is divided by b(-3)?
0
Calculate the remainder when 53 is divided by (-105)/(-7) - (1 - 0).
11
Let c(n) = -n + 24. Suppose 3*u - 5*s = -15 + 40, -u + 4*s = -13. Let p = 5 - u. What is the remainder when c(p) is divided by 9?
6
Let b = 69 + -20. What is the remainder when b is divided by 13?
10
Let w be (1/(-4))/(3/(-12)). What is the remainder when w - (-3 - (1 - 2)) is divided by 3?
0
Let c = 35 - 24. Suppose 3*s - 2*s + 5 = 0, 0 = -3*l + 2*s + 73. Calculate the remainder when l is divided by c.
10
What is the remainder when 31 is divided by (-351)/(-21) - (-6)/21?
14
Suppose 5*m - 250 = 240. Suppose -4*i + 14 + 2 = 0. Suppose -4*x + 3*f + m = 0, -2*x - i*f = -x - 34. What is the remainder when x is divided by 9?
8
Let a = -22 + 55. What is the remainder when 124 is divided by a?
25
Let k = -8 + 36. Calculate the remainder when k is divided by 16.
12
Let n be 52/12 + 2/(-6). Suppose -c = 3*f - 62, 3*c = -2*c + 5*f + 310. Suppose n*m + u - c = 6*u, m = -5*u + 3. What is the remainder when m is divided by 7?
6
Let b = -8 - -3. Let h = 8 - b. Calculate the remainder when 37 is divided by h.
11
Let f(z) = -2*z**3 - z**2 - 1. Let b = -38 + 70. Calculate the remainder when b is divided by f(-2).
10
Let l(u) = -16*u**3 + u**2 - u - 2. What is the remainder when 61 is divided by l(-1)?
13
Suppose 0 = 2*c + 3*k - 157, 4*c + 2*k - 48 - 254 = 0. Calculate the remainder when c is divided by 11.
8
Let z(m) = m**3 - 6*m**2 + 3*m + 7. Let p be z(5). Suppose -4*i - i = 2*f - 50, 0 = -f - 5. What is the remainder when 1 + 0 + 24 + p is divided by i?
10
Let v(o) = 26*o**2 - 2*o + 1. Calculate the remainder when v(1) is divided by 3.
1
Suppose -3*p + 17 = -i, -4*p + 2*i = 4*i - 16. Suppose -p*c + 1 = -34. Calculate the remainder when 20 is divided by c.
6
Let s = -129 - -193. What is the remainder when s is divided by 14?
8
Suppose -19 + 61 = -h. What is the remainder when (-870)/h - (-4)/14 is divided by 8?
5
Let j = 154 + -105. Suppose -3*z - 5*s = -49, 0 = 3*z - 7*z + 3*s + 46. What is the remainder when j is divided by z?
10
Let o(d) = -1 - 2*d + 10*d**2 - d**3 - 4*d**2 + 3*d. Let j be o(6). Suppose 0 = -j*b - 7 + 17. What is the remainder when 2 is divided by b?
0
Suppose -3 = 2*m + 1. Let w = 7 + m. Let s = 26 + -18. What is the remainder when s is divided by w?
3
Let s be 34/(-221) - (-576)/26. Let b = -12 - -5. Let f = b + s. Calculate the remainder when 28 is divided by f.
13
Suppose -4*r - 30 = 3*n - 113, -r = 5*n - 25. Suppose 5*c + r = 0, -5*c = 2*y - 0*y - 2. Let u = -4 - -8. Calculate the remainder when y is divided by u.
3
Suppose 4*z = 8*z - 8. What is the remainder when 6 is divided by z?
0
Let n(i) = -20*i - 8. Let d be n(-12). Let u = d + -160. Calculate the remainder when u is divided by 25.
22
Suppose 5*f + 2 = 17, -382 = 4*t + 2*f. Let d be t/9 + (-4)/18. Let s = 21 + d. What is the remainder when s is divided by 6?
4
Suppose 5*k - 10 = 65. Calculate the remainder when 290/4*4/5 is divided by k.
13
Suppose -r = -4*r + 18. What is the remainder when 29 is divided by (-45)/(-2)*r/9?
14
Suppose w = 2*w - 12. Suppose 0 = d + 2*d - w. Suppose 78 + 6 = d*n. What is the remainder when n is divided by 6?
3
Suppose 30 - 6 = 3*t. Suppose -r + 31 = t. Let n = 49 - r. What is the remainder when n is divided by 9?
8
Calculate the remainder when (-4)/(-2)*5/5 is divided by (-2 + -1)*(40/(-6) - -6).
0
Let d(w) be the second derivative of 25*w**3/6 + w. Suppose 0*b + 3*u - 2 = -4*b, 3*u = -5*b + 4. Calculate the remainder when d(b) is divided by 17.
16
Suppose 0 = -3*l + o - 3 + 10, 3*o = 4*l - 16. Let h = 37 - l. Let m = h - 10. What is the remainder when m is divided by 14?
12
Calculate the remainder when (2 - 1)*2 + 3 is divided by 3.
2
Let y be ((-2)/2)/(2/(-4)). Suppose y*c + 4 = 0, c - 3*c = 4*g - 16. Suppose -3*r + g*o + 11 = 0, -r - o = -3 + 2. What is the remainder when 5 is divided by r?
1
Let j = -19 - -32. Let u(y) = y**3 + y + 5. What is the remainder when j is divided by u(0)?
3
Let x be 132/6*(0 - -5). Suppose 0 = -0*f + 3*f + m - x, 5*f - 4*m = 189. What is the remainder when f is divided by 13?
11
Let w(r) = r**2 - 3*r. Suppose -3*m - 20 = -65. Let b = -10 + m. What is the remainder when w(b) is divided by 6?
4
Suppose -6*g = -g - 90. Suppose 2*f + g - 4 = 0. Let w = 75 + f. What is the remainder when w is divided by 23?
22
Suppose 0*x = 5*x - 215. What is the remainder when x is divided by (4/10)/(1/55)?
21
Let m(o) = -25*o. What is the remainder when 41 is divided by m(-1)?
16
Suppose 5*v + 402 = 11*v. Calculate the remainder when 132 is divided by v.
65
Let x(n) = 12*n**2 - 1 + 4*n**2 + 2 + 5*n**2. What is the remainder when x(1) is divided by 8?
6
Let p = -977 + 1036. What is the remainder when p is divided by ((-3)/(-2))/(3/40)?
19
Suppose 12 + 3 = 3*w. Calculate the remainder when 14 is divided by w.
4
Let m = -16 + 75. What is the remainder when m is divided by 20?
19
Let n = -11 - -14. Suppose -n*g + 5*w = -74, -2*w = 2*g + 3*w - 16. What is the remainder when 52 is divided by g?
16
Suppose 8*a = 5*a + 36. Let f = 54 + -7. Calculate the remainder when f is d